r of v and 19.
19
Let x(m) = 9*m - 8. Let j be x(8). Suppose -5*z + z = -j. What is the greatest common factor of z and 24?
8
Let t(n) = n + 19. Let q be t(-9). Suppose 0 = f + 3*f + 312. Let x be 4/(2 + f/40). Calculate the highest common divisor of x and q.
10
Let o(w) = w**2 + 1. Suppose 2*u - d + 3 = -4*d, -4*u = 4*d. Let h be o(u). Let g be (-2 + -2)/(2/(-5)). What is the highest common factor of g and h?
10
Let d(x) = x + 1. Let h be d(2). Suppose -w - h*i = -34, -5*w + w = i - 103. Calculate the greatest common factor of 25 and w.
25
Let x be 39/15 + 6/15. Suppose -5*o + 4 = 2*g - 0*g, -3 = 3*g + x*o. Let z be 1/((g/(-21))/1). What is the greatest common factor of z and 77?
7
Let t = 85 + 111. Let p = t - 136. Calculate the highest common factor of 40 and p.
20
Let k be ((-3)/(-2))/((-3)/(-8)). Suppose k*c = c + 9. Suppose c*r = -r + 44. Calculate the greatest common divisor of r and 33.
11
Let r be (7 + -2)*(5 - 0). Let j be -4*1*10/(-20). Suppose l + 2*k + j*k - 10 = 0, 0 = l + k - 10. What is the highest common factor of l and r?
5
Let u be 3*22*1/6. What is the highest common divisor of 11 and u?
11
Let d(a) = a**3 - 3*a**2 - 15*a + 86. Let b be d(6). Let l(p) = -5 + 2 + p + 3*p. Let r be l(4). Calculate the highest common divisor of b and r.
13
Suppose 4*i + u - 4*u + 13 = 0, -5*i + 4*u = 15. Let z be 0 + (-1 - -1) + -1. Let b = z - i. What is the greatest common factor of b and 6?
6
Suppose 0 = -h + 12 + 21. Let z be -11*((2 - 2) + -1). Calculate the greatest common factor of z and h.
11
Let o(l) = l**3 + l**2 + 4*l - 7. Let c be o(5). Let f = -140 + 89. Let g = c + f. What is the highest common divisor of 16 and g?
16
Suppose -3 = -3*q + 9. Let j = 7 - q. Let t be (5/15)/(1/j). Calculate the greatest common factor of 1 and t.
1
Let t be 27/6 - (-15)/(-10). Let p(d) = 5*d - 2. Let s(j) = 5*j - 3. Let z be s(2). Let y be p(z). What is the greatest common factor of y and t?
3
Suppose 3*y = 5*p + 482, -4*p = 5*y - 0*p - 754. Let w = 171 + -157. Calculate the greatest common factor of y and w.
14
Suppose 0 = -2*m + 8 + 44. What is the highest common divisor of 39 and m?
13
Let f = -93 + 153. Suppose -c = 4*c - f. Let g = -74 - -122. What is the highest common factor of c and g?
12
Suppose 0 = -4*x + 6*x - 28. Let n = -944 + 951. Calculate the highest common factor of n and x.
7
Suppose -d - 4*d = -2*k + 107, 4*k + 5*d - 259 = 0. What is the highest common factor of 183 and k?
61
Suppose 39*f - 41*f = -14. Suppose f*y - 36 + 15 = 0. Suppose -5*h + 14 + 1 = 0. Calculate the highest common factor of y and h.
3
Let c = 12 + -5. Suppose 3*o = 5*i + 216, 0 = -o + 2*i - 3*i + 80. Calculate the greatest common divisor of c and o.
7
Suppose 0 = 3*z + 6, -4*r - 5*z = -3*z - 56. What is the highest common divisor of r and 15?
15
Let y(h) = h**2 - 3*h. Let k be y(6). Suppose -3*r + p - 2*p + 4 = 0, 5*r + 3*p = 4. Let z be r/2 + 5 + 3. What is the greatest common divisor of k and z?
9
Suppose 4*s - 180 = -3*c - c, 4*s - 185 = -5*c. Suppose h = -0*h + s. Suppose -i + 4 + 4 = 0. Calculate the greatest common divisor of i and h.
8
Let o = 12 - 10. Calculate the greatest common divisor of 18 and o.
2
Let d = -18 + 36. Calculate the highest common factor of d and 9.
9
Let f = 33 + -27. Calculate the highest common factor of f and 96.
6
Let k be (-60)/4*(-63)/15. What is the greatest common factor of 9 and k?
9
Let k(v) = -12*v + 3. Let d be k(-2). What is the highest common factor of d and 9?
9
Let w = 8 + -3. Let y(f) = -5 + 2 + 5*f - 4 - 8. Let o be y(7). What is the greatest common divisor of o and w?
5
Suppose 7*r - 24 = 5*r. What is the highest common divisor of r and 4?
4
Suppose -10 = 3*p - 325. What is the highest common factor of 21 and p?
21
Suppose 5*z - 3*z - 14 = 0. What is the highest common factor of z and 77?
7
Let y = -20 + 74. What is the greatest common factor of y and 6?
6
Let l be (3 - (-3 + 45))/(-1). Let u = 58 - l. Calculate the highest common factor of u and 57.
19
Let p = 34 + -9. What is the greatest common divisor of 5 and p?
5
Let c be -12*(2 + (-24)/9). Suppose 4*d - 2 = -4*b + 2, 5*b = d + 11. Suppose b*t - 35 = 29. What is the greatest common divisor of t and c?
8
Suppose -2*r - 5*i = -257, 4*r + 5*i = 834 - 305. Calculate the greatest common divisor of r and 17.
17
Let g(t) = 2*t**3 + t**2 - 2*t - 2. Let n be g(3). Let s be (-6)/4*8/(-6). Suppose 7*f - s*f - 110 = 0. What is the greatest common factor of f and n?
11
Let c = -9 - 0. Let h(i) = 2*i**2 + 11*i + 7. Let v be h(c). Suppose 0*w + 70 = 5*w. What is the greatest common factor of v and w?
14
Let i(y) = y**3 - 9*y**2 - 9*y - 8. Let g be i(10). What is the highest common factor of 14 and g?
2
Suppose 2*f + 15*f - 153 = 0. Calculate the highest common divisor of 36 and f.
9
Let b(n) = -6*n + 6. Suppose -4 - 17 = 3*y. Let q be b(y). What is the greatest common factor of 6 and q?
6
Suppose i - 3 = -0. Suppose 5*d + 0*d = -5. Let s = d + i. What is the highest common factor of s and 14?
2
Let t = 18 - 9. What is the highest common factor of t and 27?
9
Suppose -15 - 9 = -2*y. Let d = 11 - 7. Suppose d*c = 28 + 4. Calculate the greatest common divisor of c and y.
4
Suppose 25 = 4*t - 119. Let j = 17 + -43. Let z = t + j. Calculate the greatest common divisor of z and 4.
2
Suppose -650 = -8*z + 502. Calculate the highest common divisor of 16 and z.
16
Suppose 5*o + 14 = 34. What is the greatest common factor of o and 20?
4
Let z(g) = 9*g - 4. Let a be z(1). What is the highest common divisor of a and 35?
5
Suppose 1838 = 5*x - 4*y, x - 494 + 118 = -2*y. What is the greatest common factor of x and 10?
10
Suppose 0 = p + 4*n - 17 - 39, 2*p - 5*n - 86 = 0. Let r = -27 + p. What is the greatest common factor of r and 21?
21
Suppose 6*t = 4*t + 420. What is the greatest common divisor of 30 and t?
30
Suppose 0 = -4*s + 2*h + h + 29, 3*h = 3. Let t be 21/12 - (-2)/s. Suppose -t*b = b - 18. What is the greatest common divisor of b and 18?
6
Let z(b) = 13*b**2 - 7*b - 10. Let k be z(6). What is the greatest common divisor of k and 52?
52
Suppose b - 190 = -b. What is the greatest common divisor of 38 and b?
19
Let k = -93 + 51. Let p = 190 + -78. Let h = p + k. What is the highest common divisor of 28 and h?
14
Let h = -266 - -401. What is the greatest common divisor of h and 15?
15
Let z(b) = b**3 + 8*b**2 - 8*b + 12. Let f be z(-9). What is the highest common factor of 15 and f?
3
Let q(p) = p**2 + p - 11. Let w be q(-5). Let c be (30/9)/(3/w). What is the greatest common divisor of 4 and c?
2
Suppose -p + 4 - 6 = i, 10 = -5*p + 3*i. Let q(d) = -3*d**3 - 2*d**2 - 3*d - 1. Let s be q(p). Let w = s - -2. Calculate the highest common factor of w and 23.
23
Suppose -2*v + 10 + 6 = -s, 0 = 2*v - 4*s - 22. Let j be -19 + (2/2)/1. Let y be (j/3)/((-4)/14). What is the highest common factor of v and y?
7
Suppose -3*j - 68 = -2*v, -j + 8 = j. Calculate the greatest common factor of v and 60.
20
Suppose -w + g + 18 = -3, -w + 15 = g. Suppose r = 5*t + 55, -174 = -8*r + 4*r - 3*t. Calculate the greatest common divisor of w and r.
9
Suppose -3*b - 66 - 42 = -5*p, -4*p + 4*b + 80 = 0. What is the greatest common factor of p and 24?
24
Suppose -4*w + 5*p + 1 = -0*p, 4*w - 2*p - 10 = 0. Suppose -5*y - 22 = -z, w*z + 7*y = 2*y + 13. What is the greatest common factor of 56 and z?
7
Let g be (-1 + 0)/((-5)/10). Suppose 16 = 3*n + 4*w, -4 + 24 = g*n - 2*w. Calculate the greatest common factor of n and 8.
8
Suppose 1 = y - 4*v - 23, -3*y + v = -28. What is the greatest common divisor of 56 and y?
8
Suppose -p + 3 = 4. Let z be p/4 + (-84)/(-16). Suppose 4*x + 59 = z*b, 2*b - 2*x = -5*x + 42. What is the highest common factor of 6 and b?
3
Suppose 7*d = 2*d - 20. Let k be (0 - -16) + d/2. Suppose 5*m = 149 - 44. Calculate the greatest common factor of k and m.
7
Let d be 3/(3/2) + -5. Let l = -1 - d. Let t = 2 + 2. What is the greatest common divisor of l and t?
2
Suppose 4*r - 152 = -3*u, -2*u = 3*r - 7*r + 132. Calculate the highest common factor of 280 and r.
35
Let b(j) be the second derivative of j**5/20 + j**4/2 - j**3/3 + j. Let q be b(-6). Let v = 5 + -2. What is the highest common divisor of v and q?
3
Let i = 87 + -13. Suppose t + 46 = 4*t + 2*m, i = 3*t - 5*m. Calculate the greate